*q = -0*q - 324. Calculate the highest common factor of q and h.
27
Suppose 2076 = 5*d - s, 2*d + 2*s - 224 = 616. What is the highest common factor of d and 112?
16
Suppose -2*b + 22 = 4. Suppose 0 = 3*q + 2*j - 78, -j + 123 = -4*q + b*q. Let y be 1100/15*36/10. Calculate the highest common divisor of q and y.
24
Suppose 2*y = i - 69, -5*i = -3*y + 101 - 460. Suppose -i*z = -74*z + 24. What is the highest common factor of z and 78?
6
Let l(f) = 20*f + 0*f**2 - 8 - 3*f**2 - 33*f - 10*f**2 - f**3. Let i be l(-12). Suppose -10*c + 294 = -i*c. Calculate the highest common factor of 14 and c.
7
Let i(t) = 2*t**2 + 212*t + 644. Let u be i(-3). Suppose b + 3*k - 326 = 0, 8 = -4*k - 8. What is the greatest common factor of u and b?
26
Let o = 35643 - 764. Calculate the highest common factor of 13 and o.
13
Let q be (5 + 124/(-20))/((-15)/125). Let f(u) = 2*u**2 + 19*u - 16. Let s be f(-13). What is the highest common factor of s and q?
5
Let h = -217 + 257. Let q(j) = -2*j**3 + 12*j**2 - j + 1. Let n be q(8). Let m = 503 + n. What is the greatest common divisor of h and m?
40
Let w = -477 - -523. Suppose -64*v + 1080 = -w*v. Calculate the greatest common divisor of 20 and v.
20
Suppose -87*x + 92*x = b - 1141, 2*b - 2*x - 2242 = 0. What is the greatest common factor of b and 12?
12
Let d be 534*1 + 1 + -2. Suppose -54*z + 632 + 1202 = 430. What is the highest common factor of d and z?
13
Suppose -5*u = 0, -5*u = 4*c - 2*u - 64. Suppose 43 = s + c. Let y(a) = 294*a - 276. Let f be y(1). Calculate the highest common divisor of f and s.
9
Let r(p) = p**3 - 2*p**2 + p. Let x be r(2). Let z = 12 - 10. Suppose 4*v = x*v - h + 113, z*h - 58 = -v. Calculate the greatest common factor of v and 14.
14
Let h = -73 + 85. Let a be (-27)/h + 3 + 2/8. What is the highest common divisor of 23 and a?
1
Suppose 9*g - 8 = g. Let l = 46 + -64. Let u be (12/10)/(l/(-120)). Calculate the highest common factor of u and g.
1
Let s be (-20)/3*((-95)/25 - -5). Let o be s/10 - (-171)/45. Calculate the greatest common factor of o and 81.
3
Let t(z) = z**3 + 8*z**2 + 8*z + 15. Let w be t(-6). Let n = w + -18. Suppose -9*u + n = -123. Calculate the greatest common divisor of u and 128.
16
Let h = -5834 - -11630. What is the highest common factor of h and 1104?
276
Let b(y) = 20*y - 71. Let x(k) = 3*k. Let q(z) = b(z) - 3*x(z). Let g be q(7). Let m be ((-4)/1)/(4/(-6)). Calculate the highest common divisor of m and g.
6
Let n be 5/((-35)/(-12551)) + (-1)/1. What is the highest common divisor of 140 and n?
28
Suppose -13*x + 1873 = -1351. Let j = 283 - x. Let a(p) = p**2 - 2*p - 1. Let m be a(4). What is the highest common factor of j and m?
7
Let l = -44206 - -44815. Calculate the greatest common factor of 91 and l.
7
Suppose -n + 5 = -10. Let b = 3647 + -3562. What is the highest common divisor of n and b?
5
Suppose -4*q - 2*c + 16 = 0, 7*c = -3*q + 13 - 12. Let h be (410/6)/(1/3). Calculate the highest common divisor of h and q.
5
Let w(h) = h**3 - 8*h**2 - h - 9. Let d be w(8). Let f = d + 55. Suppose -c - 3*c + f = o, -174 = -3*o + 3*c. What is the greatest common divisor of o and 36?
18
Let d(y) = 68*y - 7128. Let w be d(122). Calculate the greatest common factor of w and 128.
16
Let a = -5071 - -5357. What is the highest common divisor of a and 923?
13
Let m = 19335 + -4860. Calculate the highest common factor of m and 75.
75
Let j be 196553/91 - (7 + 1012/(-143)). Calculate the greatest common factor of j and 99.
9
Let b(x) = x**3 - 5*x**2 + 20*x - 66. Let i be b(10). Let a = -630 + i. What is the greatest common divisor of 84 and a?
4
Let f(b) = -b**3 - 27*b**2 + 62*b - 102. Let o be f(-30). What is the greatest common divisor of o and 574?
82
Let c be (18/4)/1 + (-2)/4. Let s be c + ((-116)/(-7) - 44/77). Suppose 4*w - 396 = b, 5*w - 3*b + 0*b = 488. What is the highest common divisor of w and s?
20
Let l = -3235 + 3391. What is the greatest common factor of 1014 and l?
78
Suppose -3*d - 5352 = -2*l, 3*l + 96*d - 101*d = 8028. What is the highest common divisor of l and 12?
12
Let s be (-286883)/(-854) + 3/42. Calculate the greatest common factor of s and 30.
6
Let y = -13910 - -13970. Suppose 2*p = -0*p + 72. What is the greatest common factor of p and y?
12
Let f = 338 - 202. Suppose 2*a = -74 + f. Suppose -5*c = 3*s - 2*s - 104, 2*s - 2*c = 256. Calculate the greatest common divisor of a and s.
31
Let l(u) = 2*u**3 + 8*u**2 - 12*u**2 + 17*u**2 + 1 - 10*u - 5. Let b be l(-7). What is the highest common divisor of b and 323?
17
Suppose 1061 = 4*s + 5*g - 571, -3*g = 3*s - 1224. What is the highest common divisor of 1938 and s?
102
Let h = 342 + -340. Let n be (-10)/25 - h/(-10)*17. Calculate the greatest common factor of n and 9.
3
Let o(f) = 152*f + 3416. Let n be o(-22). Suppose -3*p = 9, -5*p = -2*u - 0*p + 33. What is the greatest common factor of n and u?
9
Let i = 60 + -56. Suppose 0 = -i*h + 158 - 34. Let d(u) = -243*u + 5. Let a be d(-1). What is the highest common divisor of h and a?
31
Let b be (-2)/(-13) + 517/611. Let g(f) = 25*f**3 - 16*f + 15. Let z be g(b). Calculate the highest common divisor of 264 and z.
24
Let c(s) = -14 + 37203*s - 1 - 37207*s. Let p be c(-8). What is the greatest common divisor of 221 and p?
17
Let n be 114/8 - (-1)/(-4). Let y(t) = -65420*t - 457674. Let m be y(-7). What is the greatest common divisor of n and m?
14
Let s(z) = -31*z + 1225. Let u be s(39). Calculate the highest common factor of 41 and u.
1
Let c(f) be the first derivative of -f**4/4 - 7*f**3/3 - 2*f**2 + 21*f + 11. Let h be c(-6). Let w = h + -5. What is the greatest common divisor of w and 4?
4
Let f = 47552 - 47542. What is the greatest common divisor of 54490 and f?
10
Suppose 111*i - 3*i - 417515 = -43*i. Calculate the highest common factor of i and 35.
35
Suppose 0 = -6*v + 3*v + 21. Suppose v - 7 = h. Suppose h = -5*t + 20, 2*a - 63 = -2*t + 161. Calculate the greatest common factor of a and 27.
27
Let z be ((-22)/22)/((-664)/(-222) - 3). Calculate the greatest common divisor of 148 and z.
37
Let f(b) = 752*b**2 + 109*b - 1. Let v be f(2). Calculate the highest common divisor of 225 and v.
75
Let z(h) = h**3 - 41*h**2 + 277*h - 40. Let q be z(8). What is the greatest common divisor of q and 5312?
64
Let r = -12384 + 22880. What is the highest common factor of 164 and r?
164
Let v = -28 - -60. Let m = 26 + v. Let y = m + -16. Calculate the highest common divisor of y and 126.
42
Let z be ((-42)/5)/((-15)/50). Suppose -4*i + n = -168, -3*i + 91 + 35 = -2*n. Suppose -4*m + 14 = -i. What is the greatest common factor of z and m?
14
Suppose 19 - 39 = -p. Suppose 3*l - 5*y = 30, 4*l - 5*y + 50 = 9*l. What is the greatest common factor of p and l?
10
Let p be ((-255)/102)/(226/(-72) - (-9 - -6)). Calculate the highest common factor of 171 and p.
9
Let w(b) = -2*b**3 - 46*b**2 + 2*b + 30. Let p be w(-23). Let l be -4*(p/3 + 8/24). Calculate the highest common factor of l and 30.
10
Suppose 9*m - 4*m - 20 = 0. Suppose -t = -f + t + 42, -4*t = -m*f + 168. Let i be (3/(-7))/((-6)/f). What is the highest common divisor of i and 15?
3
Let j(u) = 45*u + 10. Let o be j(28). Calculate the highest common divisor of 10 and o.
10
Let l(c) = -4*c**3 + 4 + 0 - 4 - 8 + 5*c**3 + 5*c**2 - 19*c. Let g be l(-7). Calculate the highest common factor of g and 351.
27
Let t = 2197 + -2017. Calculate the highest common factor of 144 and t.
36
Let m = -78 - -82. Let a(t) = -49*t + 1. Let y be a(-7). Suppose 4*j = -2*d + 184, -y + 24 = -m*d + 4*j. What is the highest common divisor of d and 12?
12
Let g be ((-494)/(-114))/(1/18). What is the greatest common factor of 6 and g?
6
Let a = -47 - -42. Let f = a + 1. Let m(v) = v + 10. Let k be m(f). What is the greatest common factor of 9 and k?
3
Let q(a) = -5*a + 170. Let o be q(24). Let h be ((-1875)/o)/(6/(-8)). Calculate the greatest common divisor of h and 600.
50
Suppose 0 = -97*i + 102*i - 385. Calculate the greatest common factor of 418 and i.
11
Suppose -5*s = -u - 55, 39 + 2 = 3*s + u. Let h(v) = 2*v**2 + 10*v - 6. Let l be h(-8). Calculate the greatest common factor of s and l.
6
Suppose -14 = 3*o - 14. Suppose -52*j + 55*j - 6 = o. Calculate the greatest common divisor of 11 and j.
1
Suppose 0 = 2*s - 5*b - 794, -205*b - 778 = -2